{"id":1538,"date":"2017-04-15T17:23:42","date_gmt":"2017-04-15T15:23:42","guid":{"rendered":"http:\/\/crimimaro.ch\/wordpress\/?page_id=1538"},"modified":"2017-04-15T17:25:54","modified_gmt":"2017-04-15T15:25:54","slug":"15-04-17-bepflanzung","status":"publish","type":"page","link":"https:\/\/crimimaro.ch\/wordpress\/?page_id=1538","title":{"rendered":"15.04.17 &#8211; Bepflanzung &#8211;"},"content":{"rendered":"<p>Heute haben wir unser Hochbeet mit diversen Gem\u00fcsen\/Kr\u00e4utern angepflanzt und hoffen nun auf viel Sonnenschein damit diese dann auch sch\u00f6n kr\u00e4ftig wachsen \ud83d\ude42<br \/>\nHier\u00a0ein paar Fotos:<\/p>\n<div id='gallery-1' class='gallery galleryid-1538 gallery-columns-3 gallery-size-thumbnail'><dl class='gallery-item'>\n\t\t\t<dt class='gallery-icon landscape'>\n\t\t\t\t<a href='https:\/\/crimimaro.ch\/wordpress\/?attachment_id=1540'><img loading=\"lazy\" decoding=\"async\" width=\"150\" height=\"150\" src=\"https:\/\/crimimaro.ch\/wordpress\/wp-content\/uploads\/2017\/04\/IMG_5730-150x150.jpg\" class=\"attachment-thumbnail size-thumbnail\" alt=\"\" \/><\/a>\n\t\t\t<\/dt><\/dl><dl class='gallery-item'>\n\t\t\t<dt class='gallery-icon landscape'>\n\t\t\t\t<a href='https:\/\/crimimaro.ch\/wordpress\/?attachment_id=1542'><img loading=\"lazy\" decoding=\"async\" width=\"150\" height=\"150\" src=\"https:\/\/crimimaro.ch\/wordpress\/wp-content\/uploads\/2017\/04\/IMG_5733-150x150.jpg\" class=\"attachment-thumbnail size-thumbnail\" alt=\"\" \/><\/a>\n\t\t\t<\/dt><\/dl><dl class='gallery-item'>\n\t\t\t<dt class='gallery-icon landscape'>\n\t\t\t\t<a href='https:\/\/crimimaro.ch\/wordpress\/?attachment_id=1541'><img loading=\"lazy\" decoding=\"async\" width=\"150\" height=\"150\" src=\"https:\/\/crimimaro.ch\/wordpress\/wp-content\/uploads\/2017\/04\/IMG_5732-150x150.jpg\" class=\"attachment-thumbnail size-thumbnail\" alt=\"\" \/><\/a>\n\t\t\t<\/dt><\/dl><br style=\"clear: both\" \/><dl class='gallery-item'>\n\t\t\t<dt class='gallery-icon landscape'>\n\t\t\t\t<a href='https:\/\/crimimaro.ch\/wordpress\/?attachment_id=1543'><img loading=\"lazy\" decoding=\"async\" width=\"150\" height=\"150\" src=\"https:\/\/crimimaro.ch\/wordpress\/wp-content\/uploads\/2017\/04\/IMG_5734-150x150.jpg\" class=\"attachment-thumbnail size-thumbnail\" alt=\"\" \/><\/a>\n\t\t\t<\/dt><\/dl><dl class='gallery-item'>\n\t\t\t<dt class='gallery-icon landscape'>\n\t\t\t\t<a href='https:\/\/crimimaro.ch\/wordpress\/?attachment_id=1544'><img loading=\"lazy\" decoding=\"async\" width=\"150\" height=\"150\" src=\"https:\/\/crimimaro.ch\/wordpress\/wp-content\/uploads\/2017\/04\/IMG_5736-150x150.jpg\" class=\"attachment-thumbnail size-thumbnail\" alt=\"\" \/><\/a>\n\t\t\t<\/dt><\/dl><dl class='gallery-item'>\n\t\t\t<dt class='gallery-icon landscape'>\n\t\t\t\t<a href='https:\/\/crimimaro.ch\/wordpress\/?attachment_id=1545'><img loading=\"lazy\" decoding=\"async\" width=\"150\" height=\"150\" src=\"https:\/\/crimimaro.ch\/wordpress\/wp-content\/uploads\/2017\/04\/IMG_5737-150x150.jpg\" class=\"attachment-thumbnail size-thumbnail\" alt=\"\" \/><\/a>\n\t\t\t<\/dt><\/dl><br style=\"clear: both\" \/>\n\t\t<\/div>\n\n","protected":false},"excerpt":{"rendered":"<p>Heute haben wir unser Hochbeet mit diversen Gem\u00fcsen\/Kr\u00e4utern angepflanzt und hoffen nun auf viel Sonnenschein damit diese dann auch sch\u00f6n kr\u00e4ftig wachsen \ud83d\ude42 Hier\u00a0ein paar Fotos:<\/p>\n","protected":false},"author":1,"featured_media":0,"parent":1536,"menu_order":1,"comment_status":"closed","ping_status":"closed","template":"","meta":{"_monsterinsights_skip_tracking":false,"_monsterinsights_sitenote_active":false,"_monsterinsights_sitenote_note":"","_monsterinsights_sitenote_category":0,"footnotes":""},"class_list":["post-1538","page","type-page","status-publish","hentry"],"jetpack_sharing_enabled":true,"_links":{"self":[{"href":"https:\/\/crimimaro.ch\/wordpress\/index.php?rest_route=\/wp\/v2\/pages\/1538","targetHints":{"allow":["GET"]}}],"collection":[{"href":"https:\/\/crimimaro.ch\/wordpress\/index.php?rest_route=\/wp\/v2\/pages"}],"about":[{"href":"https:\/\/crimimaro.ch\/wordpress\/index.php?rest_route=\/wp\/v2\/types\/page"}],"author":[{"embeddable":true,"href":"https:\/\/crimimaro.ch\/wordpress\/index.php?rest_route=\/wp\/v2\/users\/1"}],"replies":[{"embeddable":true,"href":"https:\/\/crimimaro.ch\/wordpress\/index.php?rest_route=%2Fwp%2Fv2%2Fcomments&post=1538"}],"version-history":[{"count":3,"href":"https:\/\/crimimaro.ch\/wordpress\/index.php?rest_route=\/wp\/v2\/pages\/1538\/revisions"}],"predecessor-version":[{"id":1548,"href":"https:\/\/crimimaro.ch\/wordpress\/index.php?rest_route=\/wp\/v2\/pages\/1538\/revisions\/1548"}],"up":[{"embeddable":true,"href":"https:\/\/crimimaro.ch\/wordpress\/index.php?rest_route=\/wp\/v2\/pages\/1536"}],"wp:attachment":[{"href":"https:\/\/crimimaro.ch\/wordpress\/index.php?rest_route=%2Fwp%2Fv2%2Fmedia&parent=1538"}],"curies":[{"name":"wp","href":"https:\/\/api.w.org\/{rel}","templated":true}]}}